)/6. Let w be (5 + 1 + d)/((-10)/(-5825)). Suppose s = -9*s + w. Is s a composite number?
False
Let q = -94872 + 298403. Is q prime?
True
Is (325044/(-144))/((-1)/4) a prime number?
True
Suppose -126*h + 1770939 + 1659307 + 1652972 = 0. Is h a prime number?
True
Let p(y) = y**3 - 18*y**2 + 18*y - 19. Let r be p(17). Is ((-32796)/72)/(r/4) a prime number?
True
Let r(b) = -3*b**3 - 9*b**2 - 117*b - 73. Is r(-34) prime?
False
Let r(o) = 131*o**2 + 30*o - 151. Is r(-50) prime?
True
Is ((35/(-21))/(-1))/(60/20983608) prime?
False
Let g = 30 - -2. Suppose g*w + 380 = 42*w. Is w a composite number?
True
Let g(b) = -85*b - 109. Let z be g(15). Let x = 2425 + z. Is x a prime number?
False
Let a = 236 + -235. Let y(s) = 2456*s + 3. Is y(a) composite?
False
Let x be ((-1)/(-3))/((-4)/(-120)*5). Let p be (-4)/(x - 9 - -5). Suppose -4*d - p*o = -38, -2*o = 2*d + o - 29. Is d a composite number?
False
Let m be ((-48)/72)/((-8)/(-12)). Is m + -5 - 52542/(-14) a prime number?
False
Let i(h) = 45*h**2 - 6*h + 2. Suppose 0 = -3*l + 2*u + 40, -5*l + 3*u = -68 + 3. Let p be i(l). Suppose o - 1767 - p = 0. Is o a composite number?
True
Let f(o) = o + 13. Let i be f(-20). Let y = -9 - i. Is ((-3)/y)/(45/85830) a prime number?
True
Let o(v) = -68 + 51 - v**2 + 4*v**2. Let w be o(-12). Is (-1)/(((-15)/w)/3) prime?
True
Suppose -2*g + 7056 = 2*x - 114352, -2*x = g - 60707. Let m = -38008 + g. Is m a composite number?
True
Suppose -12*z + 15 = -7*z, 3*z + 3482 = b. Is b prime?
True
Suppose 0 = k + c - 943269 + 217609, 2*c = -10. Is k prime?
False
Let z = 69 + -101. Is 298 + ((-6)/5)/(z/(-80)) prime?
False
Suppose 4*g = 2*h - 18, -26 = -2*h + 2*g - 6*g. Suppose -h*j - 184 = -15*j. Is j prime?
False
Suppose -3*s + 133222 = 4*j, 0 = -37*s + 33*s + 24. Is j a prime number?
True
Suppose 0 = 5*i + 47 + 18. Let u = i + 28. Let z(n) = -n**2 + 19*n + 9. Is z(u) composite?
True
Let z be 5 + 3*1 + (-27 - -23). Suppose -z*c - 2*w + 115908 = 0, -32 + 28 = w. Is c composite?
False
Suppose -35*a = 3*j - 31*a - 588569, 0 = -2*j + 4*a + 392366. Is j prime?
True
Let l(o) = o**3 - 15*o**2 - 15*o - 13. Let d be l(16). Suppose 2274 = 3*q + d*q. Is q prime?
True
Suppose 22*w = 13*w + 9. Let v(i) = 90*i**2 + i. Is v(w) a composite number?
True
Let a(z) = -z**3 + 34*z**2 - z - 32. Let t be a(34). Is t/(-264) + 196582/8 a composite number?
True
Let u = 96028 - 57071. Is u a prime number?
False
Let m(q) = q**3 + 43*q**2 - 202*q - 54. Is m(-37) a composite number?
True
Suppose o - 241793 = -3*u, -45*u + 42*u - 5*o = -241777. Is u a prime number?
True
Suppose -46*n = -41*n + l - 2167256, 5*l = 4*n - 1733799. Is n composite?
True
Suppose -2*u - 170262 - 112325 = -3*x, -5*x + 470977 = -2*u. Is x composite?
True
Let k be (-9)/(-48)*8 - (-1)/2. Suppose 31601 = 5*w + 5*i + 8041, 3*w + k*i = 14137. Is w a composite number?
True
Suppose 0 = -13*n + 8*n + 676255. Is n a prime number?
False
Let j be (-7)/(105/(-40))*3. Suppose 0 = t - 2*t - j. Is ((-4)/t)/(4/(12969 - 1)) prime?
True
Let h(r) = 10*r**2 + 5*r + 7. Let d be h(6). Suppose 2*u + 549 = 5*k - d, -3*u + 179 = k. Suppose 7*g - 5*g - k = 0. Is g composite?
True
Let f be (-318)/(-9) - ((-1)/(-3))/1. Let r(n) = 30*n - f*n - 43 + 34 - 74*n. Is r(-4) a prime number?
True
Let n be 4/10 + (56/10 - 1). Suppose 0*o + 1658 = 4*i + 3*o, n*o - 423 = -i. Is i composite?
True
Let p(d) = 108*d**3 + 58*d**2 - 131*d + 4. Is p(15) composite?
True
Let r(c) = 747*c**3 - 2*c**2 - 20*c + 141. Is r(4) a prime number?
True
Let v(p) be the second derivative of 111*p**3/2 - 13*p**2/2 + 9*p. Let s be v(6). Let q = 3244 - s. Is q a composite number?
False
Let p(g) be the third derivative of -209*g**4/24 + 4*g**3/3 - 16*g**2. Is p(-31) composite?
True
Let u be (4 - 4)/(-2)*1. Suppose u = 4*h - 0*h + 8. Is ((-8)/4)/(-3 - h) + 1731 composite?
False
Suppose -65*y - 2*d - 485221 = -68*y, 0 = -y + 3*d + 161752. Is y a composite number?
True
Let u(c) = c**3 - 32*c**2 + 12*c + 116. Let t be u(24). Let k = t + 7275. Is k a prime number?
False
Let a = -165 + 163. Is (a + -1075)*((-12)/9)/4 prime?
True
Let h = 36248 - 6051. Is h a prime number?
True
Let b(i) = -454*i**2 - 5*i + 9. Let d(u) = 455*u**2 + 7*u - 11. Let s(x) = -3*b(x) - 2*d(x). Is s(-2) a composite number?
False
Let r(m) = 900*m + 85. Let v be r(14). Suppose 905 = -5*p - t + 13590, 0 = 5*p - 5*t - v. Is p a prime number?
False
Let i(g) = -6*g**2 - 3*g + 3. Let d(c) = -5*c**2 - 2*c + 3. Let r(f) = 5*d(f) - 4*i(f). Let o be r(0). Suppose -6*l - o*l = -279. Is l a composite number?
False
Let b = -61894 + 95470. Suppose 0 = 55*z - b - 45679. Is z prime?
False
Let f = -1203362 + 1789711. Is f a composite number?
False
Suppose -35 = -0*a - 5*a. Suppose 0 = k - a - 1. Suppose 7795 = k*o + 2283. Is o a prime number?
False
Suppose -2*n - 48 = 2*j, 0*j = 5*j - 5*n + 150. Let y = j - -30. Suppose 0 = -5*z - 5*h + 1005, -z - y*h + 197 = 2*h. Is z a prime number?
False
Suppose 0 = -4*t - 265 - 2743. Let g = 9015 - t. Is g composite?
False
Let a = -83 + 89. Let k(m) = -5*m + 40. Let i be k(a). Is (i/8)/5 - (-8469)/12 a prime number?
False
Let u(l) = 14*l**3 + 4*l + 17. Let s(t) = -27*t**3 + t**2 - 9*t - 36. Let g(n) = -2*s(n) - 5*u(n). Is g(-3) composite?
True
Let t(h) = -2*h + 2. Let q be t(4). Let m be (-16 + -2)*(-13)/78. Is (-2465)/(-10) - m/q composite?
True
Suppose 25*g = 5*p + 24*g - 5585636, 2*p - g = 2234258. Is p composite?
True
Let p = -42 - -47. Suppose 4*y + 1829 = -0*u + p*u, 5*u - 476 = y. Let d = 774 + y. Is d a prime number?
False
Suppose -5*b - 2*v - 173 = 0, 4*b - 2*v + 37 = 3*b. Let g be 0 - (-3 + 6) - 5*-23. Let q = g + b. Is q a composite number?
True
Suppose -34*a + 30059217 - 8418319 = 0. Is a a composite number?
True
Let p = 54 + -51. Suppose -4*s = p*t + 12, 3*t + 22 = -3*s + 4*t. Is (-18)/(0 - -2)*s/9 composite?
True
Let v(p) = -p**3 - 38*p**2 - 754*p - 233. Is v(-40) a composite number?
True
Let o(g) = -74*g - 43. Suppose -5*w + 22 = -3*n, 4*n + 21 = -2*w + 9. Is o(n) prime?
False
Let i(k) = 23828*k**2 + 185*k - 67. Is i(6) a prime number?
False
Let t = -21220 - -8617. Is (1*t)/(141/(-47)) prime?
True
Suppose 0 = -j - 67 + 16. Is (j + 82)*(0 + 97) a prime number?
False
Let o(t) = -t**2 + 2*t + 12. Let r be o(0). Suppose 2*f - r = -f. Suppose 1218 = 2*m - f*d, 216 + 1625 = 3*m + d. Is m prime?
True
Let i(y) = 6*y**3 + 7*y**2 - 7*y - 3. Let w be i(-9). Let a = w + 5418. Suppose 40*c = 43*c - a. Is c composite?
False
Suppose 0 = 76*m + 65*m - 3084234. Is m a prime number?
False
Suppose -2*q + 4*q + 4*r = 2578, 0 = 3*q - 3*r - 3912. Suppose -i = b + 482, -5*b - q = -2*i + 1132. Let p = -178 - b. Is p a composite number?
False
Let y = -5633 + 9331. Suppose -4*o + 6210 + y = 0. Is o a composite number?
False
Suppose 119 = 25*i - 18*i. Suppose i*q - 9*q = 34312. Is q a prime number?
True
Let i be 66/(-30) + 2/10. Let u be -4 - i - -63 - -3. Is 232/(-2)*(-848)/u a prime number?
False
Let l be (-19029)/(-9) - 3 - (-2)/3. Suppose -4*f + 2936 - 814 = 2*u, 0 = 2*u + 2*f - l. Suppose 3*n - u = 4*y + 1336, -4*y = -4*n + 3184. Is n composite?
False
Is ((-1)/(-3))/((8/28)/(9279036/378)) composite?
True
Suppose 0 = w - k + 4, 9*w - 7*w + 2*k = 0. Is (-1)/w*2/3*26661 a prime number?
True
Let v = 184420 - 111299. Is v composite?
False
Let b be 11/(132/(-8))*(-9)/6. Is 1/((3/4683)/b) a composite number?
True
Suppose 11*s = 45*s + 19*s - 7094951. Is s composite?
True
Let f(a) = 17246*a**3 - 3*a**2 + 4*a - 2. Let h be (2/(-3))/(6/9*-1). Is f(h) composite?
True
Let r(o) = -o + 5. Let u be r(-10). Suppose t + t - 10 = -2*f, 3*t - u = 2*f. Suppose -4*q + f*q - 2*z = -334, -2*q = -4*z - 182. Is q prime?
False
Suppose -26936 = -3*r - 2*g, 5*g - 31546 = -3*r - 4616. Suppose -14*u + 20406 = -r. Is u a composite number?
False
Let h = 14 + -31. Let a be 18/24 - h/4. Suppose 3*q + 2*t + 4153 = 8*q, 3*q - 2467 = -a*t. Is q a prime number?
True
Let h(t) = -2*t**3 - t**2 - t. Let w be h(-1). Suppose l - 286 = 2*p - 7*p, 10 = w*p. Let a = 626 + l. Is a a composite number?
False
Suppose 4*p + 12 - 24 = 0. Suppose 2*k + 4*d - 2294 = 0, k = p*k + 5*d - 2292. Is k a composite number?
False
Let a(r) = 17 + 54 - 236*r - 49*r - 12*r. Is a(-14) a composite number?
False
Suppose 104*j + 2 = 106*j. Let z(q) = 14140*q - 89. Is z(j) a composite number